4
Let s be 11/2 + 24/(-16). Suppose 6 = 2*a + s*a. Let j(g) = -6*g**3 - g**2. Give j(a).
-7
Let j(g) = -8*g + 3. Let i(r) = -3*r. Let s(t) = 3*i(t) - j(t). Give s(-1).
-2
Let m(c) be the first derivative of -c**3/3 - 6*c**2 + 15*c + 42. What is m(-13)?
2
Let x(t) = t**3 + 14*t**2 + 11*t - 15. Suppose 15 = 6*m + 93. Calculate x(m).
11
Let s(w) = w**2 + 4*w - 7. Let o be s(-6). Suppose -3*h - 12 = 0, o*h + 36 = 4*v + 4*h. Let r(t) = -4 - v*t - t + 5. Determine r(1).
-8
Let g(y) be the first derivative of 0*y - 16 + 5/2*y**2. Determine g(-1).
-5
Let t(j) be the second derivative of 0 + 1/20*j**5 + 5/12*j**4 - 1/2*j**2 + 8*j + 2/3*j**3. Give t(-4).
-1
Let p be 5 - -4*(-12)/16. Let i(j) be the second derivative of -1/6*j**3 + 8*j + 0 - p*j**2. Give i(-3).
-1
Let a = 0 - -19. Let x be (a/(-3) + 1)*-3. Let f = -14 + x. Let q(m) = -4*m + 3. Calculate q(f).
-5
Let f(q) = 3*q**3 + q**2 - 2*q - 1. Let y be ((-1)/(-2))/((-9)/36). Give f(y).
-17
Suppose 22 = -25*q + 36*q. Let u(k) be the first derivative of 3/2*k**2 - 2 + 1/3*k**3 - 3*k. Calculate u(q).
7
Let l(p) = 4*p**3 - 9*p**2 + 4*p - 2. Let x(f) = 5*f**3 - 10*f**2 + 4*f - 2. Suppose -h = 3*r + 6, 10 + 6 = -4*r. Let m(n) = h*l(n) - 5*x(n). What is m(-5)?
3
Suppose 5*t = -5*y - 0 + 35, -12 = -4*y. Let u(x) be the first derivative of 0*x**2 + 2*x - t + 1/3*x**3. Calculate u(2).
6
Let b(g) = -2*g**2 + 13*g - 11. Let m be b(6). Let o(a) = -2*a**2 + 7*a + 3. Let t(j) = j**2 - 4*j - 1. Let c(z) = m*t(z) - 3*o(z). Calculate c(3).
2
Let r(u) = -3*u**2 - 3*u. Let f(m) = -m**2 + 11*m + 99. Let h be f(-6). Give r(h).
-18
Suppose 3*m + 0*m - 9 = 0. Let w be 4 + -2 + 5/5. Let o(g) = g**3 - 5*g**2 - g - w*g**2 + m*g**2 - 1 + 4*g**2. Calculate o(0).
-1
Let z(o) = 3 + 4*o - 5 + 1. Let d(j) = 85*j + 1023. Let v be d(-12). Determine z(v).
11
Let j(u) = u**3 - 6*u**2 - 2*u - 11. Let x(n) = -n**3 + 6*n**2 + 3*n + 13. Let l(p) = -5*j(p) - 4*x(p). Give l(5).
18
Suppose 1 = -l - 0. Let p = 0 - l. Let m(z) = -z**2 + 2*z - 1. Give m(p).
0
Let i(t) = 6*t**2 + 6*t - 1. Let q(g) = 5*g**2 + 5*g - 1. Let j(p) = 3*i(p) - 4*q(p). Calculate j(1).
-3
Let f = -13 + 13. Let r(q) = -q**2 + 9 + 8 + 2*q**2 - 20 + 6 + q. Determine r(f).
3
Suppose 0 = 13*z - 24*z - 66. Suppose -5*d + 42 = 3*m, m + 2*m + d - 42 = 0. Let p(x) = x - 7 + 0*x + m. Determine p(z).
1
Let v(r) = r**2 - 3*r. Let a(j) = -j**3 + 5*j**2 - j - 3. Let y be a(4). Suppose -10*t + 4 = -y*t. Calculate v(t).
4
Let w(i) = -i**2 + 2*i + 1. Let s(h) = -h - 3. Let q(p) = p**2 - 9*p + 7. Let m be q(8). Let f be (3 - 2)/(m/6). Let c be s(f). Give w(c).
-2
Let d(k) = 3*k**2 - 2 - 5*k + k - 6*k**2 + k**2. Let o be 6/8 + (-159)/(-12). Suppose 0 = -4*b + 2 - o. Determine d(b).
-8
Let z(x) be the third derivative of x**5/30 - x**4/24 - 5*x**3/6 + 336*x**2. Determine z(3).
10
Let r be (-1)/(12/(-28)*3/9). Suppose v = r*v - 6. Let f(a) = -6*a + 1. Give f(v).
-5
Suppose 2*q + 29 - 27 = 4*p, -2*q - 7 = -5*p. Let c(b) = b**2 - 9*b + 4. Calculate c(q).
4
Let a(i) = 2*i**3 + i**2 + i - 1. Suppose 15*h + 13*h = 28. Determine a(h).
3
Let x(f) be the third derivative of f**4/24 + f**3/6 + 7*f**2. Let y be -2 - 3 - 2*(-4 + 5). What is x(y)?
-6
Suppose 6*w = 3*w + 6. Let j be w/(-7) + 148/28. Let t(h) = j*h + 2 + h**3 + 2 - 3 + 5*h**2 - 2*h**3. Calculate t(6).
-5
Let s(q) = 4*q**3 + 16*q**2 + 16*q - 21. Let w(d) = d**3 + 5*d**2 + 5*d - 7. Let n(g) = -2*s(g) + 7*w(g). Calculate n(4).
-11
Let n = -1571 + 1570. Let g(t) = -7*t**2 + 3*t + 1. What is g(n)?
-9
Suppose 40 = 4*x + x. Let h = x + -6. Let v(r) = -h*r**2 - r**2 - 7 - 7 + 4*r**2. Calculate v(0).
-14
Suppose -3*i - 2*k + 25 = 0, -3*k - 6 - 4 = -5*i. Suppose 2*s = i*s - 9. Let m(l) = -2*l**2 + 7*l**2 - 2*l**2 + 1 + 2*l + s*l**2. What is m(-1)?
5
Let f(a) = -1 + a**2 - a + 1. Suppose 17*t + 20 = 21*t. Suppose 2*b + t*r - 4 = 23, -5*b + 20 = 3*r. Determine f(b).
0
Suppose -n + 32 = 3*n. Let v(c) = 4 + 6*c - 3 + 7*c**3 + 6*c**2 - n*c**3. Give v(7).
-6
Let w(u) = 555*u**2 + u - 591*u**2 + 14 - 14. Give w(-1).
-37
Suppose 12*g + 12 = 18*g. Suppose 18 = 4*n + 3*i, 5*n - g*i + 6*i - 23 = 0. Let a(f) = -f**3 + 3*f**2 + 3. Give a(n).
3
Let k(j) be the first derivative of j**2/2 - 5*j + 1. Let a = 52 + -49. Let l be a/(-2 - (-51)/21). Determine k(l).
2
Suppose 25 = -13*f - 14. Let y(a) = 2*a**3 + 2*a**2 + 2*a + 2. Determine y(f).
-40
Let m(r) = r**2 + 3*r - 23. Let j be m(-7). Let f(c) = 2*c + j + 10*c - 12 + c**2 - 5*c. Give f(-9).
11
Let y(z) = 2*z - 2*z - 8 - 4*z + 3*z. Let a = 125 + -131. Give y(a).
-2
Let a(z) = z**2 + 7*z - 4. Let h(r) = -2*r**2 - 15*r + 5. Let o(q) = -5*a(q) - 2*h(q). Let y be -9 + -4*2/(-4). Determine o(y).
-4
Let n(l) = -8*l - 12. Let r be n(-2). Suppose -24*k = -26*k - r. Let i(u) be the third derivative of u**5/60 - u**4/8 - u**3/2 + u**2. Give i(k).
7
Let y(t) = t**2 + t**3 - 6 - 18 + 19 - 2*t**3 - t. What is y(0)?
-5
Suppose 2*p - 5*p = -3*d - 6, p - 2*d - 1 = 0. Let u(t) = 3 - t - t - 7 - p*t. Determine u(-3).
11
Let u(b) = 25*b**3 + 35*b**2 - 14*b + 23. Let d(p) = 9*p**3 + 12*p**2 - 5*p + 8. Let x(o) = 11*d(o) - 4*u(o). Give x(-8).
-12
Let x(n) = -17*n + 146. Let a be x(8). Let z(t) = t**3 - 11*t**2 + 9*t + 12. Determine z(a).
2
Let n(l) = -l**3 + 21 + 0*l**3 + l - 11*l**2 - 11 + 0*l**3. Let b(s) = -5*s**2 - 5*s - 1. Let d be b(-2). What is n(d)?
-1
Suppose -2 = x - 0. Let a(g) = 1. Let l(q) = 4*q + 6. Let s(w) = 9*w + 12. Let b(z) = -5*l(z) + 2*s(z). Let m(o) = 5*a(o) + b(o). What is m(x)?
3
Let n(i) = i**3 + 6*i**2 + 13*i + 8. Let g be n(-1). Let t(f) be the second derivative of -6*f + 3/2*f**2 - 1/6*f**3 + g. Determine t(2).
1
Let a be -2 + 0 + 0 - (10 + -6). Let y(x) = -x**2 - 6*x + 4. Calculate y(a).
4
Let l(r) = r**2 - r - 36. Suppose m + 3*b = -12, 0 = 4*m + 3*b + 6 + 6. Calculate l(m).
-36
Let i = 371 - 169. Let w(h) = 0*h + 100 + 100 + 2*h - i. Suppose -5*v + 8 = 2*y, -5*y = -4*v - 2 - 18. Give w(y).
6
Let v(s) = 2. Let n(a) = a**3 - 3*a**2 - 2*a + 14. Let m(h) = -n(h) + 6*v(h). What is m(3)?
4
Let r(q) = q**2 + 9*q - 3. Suppose 11*t = 13*t + 18. Determine r(t).
-3
Let w = -24 - -30. Let g(v) = w*v + 4 + 2 - 2 + v**2. What is g(-4)?
-4
Let h = 371 + -373. Let x(p) = -2*p**2 - 3*p. What is x(h)?
-2
Let t(u) = -u + 9. Let a be t(-4). Let n = a - 9. Let p(y) = y**3 - 3*y**2 - 2*y + 2. What is p(n)?
10
Let w(q) = -2*q**2 + 2*q + 4. Let y = 25 - 35. Let n be (-3)/((y/(-2))/(-5)). Give w(n).
-8
Let x(m) be the first derivative of m**4/2 + 4*m**3/3 + m**2 - m - 7. What is x(-2)?
-5
Let q(n) = n**2 + 2*n - 5. Let b be q(-4). Let f(w) = 2 - b - 5*w - 2. Let m(x) = -x**2 - 2*x - 3. Let r be m(-2). What is f(r)?
12
Let w(z) = z + 4. Suppose v - 5 = 2*b - 2*v, 2 = -3*b - v. Let k be (b + 1)/(-4) - 0. Determine w(k).
4
Suppose -3*v + 23 = z - 5*z, -z = 5*v - 23. Let n(j) = v + 1 + 8 + j**2 - 2 - j. Determine n(0).
12
Let p(n) be the first derivative of -n**3/3 + 3*n + 190. Calculate p(-4).
-13
Let j be (-1542)/(-12)*2*(-3)/(-1). Let i(l) = 772 + 4*l**2 + 2*l - l**2 - j. Give i(-2).
9
Let b(g) = -2*g + 10*g**2 - 6 - g**3 + 2*g**3 + g - 7. Let o be b(-10). Let r = -5 - o. Let x(i) = -3*i + 2. Give x(r).
8
Let o(d) be the second derivative of d**6/360 + d**5/40 - 11*d**4/12 + d. Let s(m) be the third derivative of o(m). Calculate s(4).
11
Let b be -3*2 + (0 - 0). Let i(j) be the second derivative of -j**5/20 - 5*j**4/12 + 5*j**3/6 + 3*j**2 + j - 1089. Calculate i(b).
12
Let d(c) = -c - 1. Let g be d(2). Let p(v) = -1 - 2258*v**2 - 4*v + 10*v**3 + 2259*v**2 - 9*v**3. Calculate p(g).
-7
Let m(i) = 3*i - 13 + 67 - 5*i - 11 - 33. Give m(-6).
22
Let i(g) = g**3 - 5*g**2 + 4. Let z be i(5). Suppose 0 = 2*f + j - 8, z*f - 2*f + 4*j = 14. Let r(u) = -2*u**2 + 2. Determine r(f).
-16
Let q(g) be the first derivative of -g**4/4 - g**3 + 4*g**2 + 9*g + 127. Calculate q(-6).
69
Let u(y) = 27*y + 6. Let b be u(4). Let c be (-4)/(-14) - b/(-42). Let q(a) = c*a + 3*a - 3*a + 1 - 4*a. Determine q(1).
0
Let m(s) = -3*s**2 + 4*s - 1. Let i(t) = 16*t**2 - 22*t + 4. Let v(o) = 2*i(o) + 11*m(o). What is v(0)?
-3
Let q(y) be the first derivative of 2*y**2 - 14*y + 601. Calculate q(4).
2
Let i(z) be the first derivative of z**4/4 - 13*z**3/3 + 9*z**2/2 + 12*z + 89. Give i(12).
-24
Let y(v) = -v - 2. Let p(m) = -6*m - 33. Let b(a) = p(a) - 9*y(a). Det